mmon divisor of 78 and 18.
6
Calculate the greatest common divisor of 11 and 2167.
11
What is the greatest common factor of 30 and 690?
30
What is the highest common divisor of 972 and 2?
2
What is the highest common factor of 1140 and 304?
76
What is the highest common divisor of 72 and 132?
12
What is the highest common divisor of 75 and 125?
25
What is the greatest common divisor of 6 and 2256?
6
What is the highest common factor of 531 and 649?
59
Calculate the greatest common factor of 387 and 215.
43
What is the highest common factor of 164 and 32?
4
Calculate the highest common factor of 1250 and 10.
10
What is the greatest common divisor of 276 and 759?
69
What is the highest common factor of 141 and 94?
47
Calculate the greatest common factor of 30 and 42.
6
Calculate the highest common divisor of 754 and 130.
26
What is the greatest common factor of 493 and 34?
17
What is the greatest common divisor of 1050 and 90?
30
What is the highest common divisor of 34 and 323?
17
Calculate the greatest common factor of 1872 and 1152.
144
What is the highest common divisor of 740 and 580?
20
Calculate the greatest common divisor of 824 and 16274.
206
What is the highest common divisor of 624 and 130?
26
Calculate the highest common factor of 2660 and 105.
35
What is the highest common factor of 55 and 88?
11
What is the highest common divisor of 32 and 8992?
32
Calculate the highest common divisor of 37 and 115144.
37
What is the highest common divisor of 17 and 1819?
17
Calculate the highest common factor of 28 and 113344.
28
Calculate the greatest common factor of 63 and 525.
21
Calculate the highest common factor of 34 and 4114.
34
What is the highest common divisor of 272 and 17?
17
What is the greatest common factor of 48 and 66?
6
Calculate the greatest common divisor of 8 and 1006.
2
Calculate the greatest common factor of 167 and 2.
1
Calculate the highest common divisor of 171 and 247.
19
Calculate the greatest common divisor of 729 and 18.
9
What is the highest common factor of 21 and 448?
7
Calculate the greatest common divisor of 4 and 188.
4
Calculate the highest common factor of 30 and 255.
15
Calculate the highest common divisor of 217 and 14.
7
Calculate the highest common factor of 5 and 49.
1
Calculate the highest common factor of 3 and 411.
3
Calculate the greatest common factor of 259 and 1665.
37
Calculate the highest common divisor of 696 and 5800.
232
Calculate the highest common divisor of 1743 and 42.
21
What is the highest common factor of 104 and 39?
13
Calculate the greatest common factor of 1739 and 188.
47
Calculate the highest common divisor of 13 and 143.
13
What is the highest common factor of 185 and 95?
5
Calculate the greatest common factor of 860 and 40.
20
What is the greatest common divisor of 551 and 1769?
29
Calculate the greatest common factor of 99 and 3681.
9
Calculate the highest common factor of 85 and 9197.
17
Calculate the greatest common factor of 236 and 59.
59
Calculate the greatest common divisor of 513 and 324.
27
Calculate the greatest common divisor of 14 and 206.
2
What is the highest common factor of 38110 and 10?
10
Calculate the greatest common divisor of 714 and 408.
102
What is the greatest common factor of 20 and 245?
5
What is the greatest common divisor of 50 and 218?
2
Calculate the greatest common factor of 168 and 126.
42
Calculate the highest common divisor of 64 and 32.
32
Calculate the highest common divisor of 162 and 18.
18
Calculate the highest common divisor of 1001 and 91.
91
What is the highest common factor of 552 and 24?
24
Calculate the highest common divisor of 2065 and 35.
35
What is the highest common divisor of 3312 and 2304?
144
Calculate the highest common divisor of 153 and 255.
51
What is the greatest common factor of 182 and 896?
14
Calculate the greatest common divisor of 32 and 28064.
32
What is the greatest common factor of 304 and 8?
8
What is the greatest common factor of 14719 and 82?
41
What is the greatest common factor of 100 and 35?
5
Calculate the greatest common factor of 12 and 64.
4
What is the greatest common divisor of 4 and 103?
1
What is the greatest common divisor of 504 and 234?
18
Calculate the highest common factor of 16 and 144.
16
Calculate the greatest common divisor of 2048 and 16.
16
Calculate the highest common factor of 4 and 892.
4
What is the greatest common divisor of 6 and 33?
3
What is the highest common divisor of 105 and 168?
21
What is the highest common divisor of 200 and 6920?
40
Calculate the greatest common factor of 12240 and 4.
4
Calculate the greatest common factor of 145 and 812.
29
Calculate the greatest common factor of 2546 and 114.
38
What is the greatest common divisor of 36 and 9624?
12
Calculate the highest common divisor of 1363 and 29.
29
What is the greatest common factor of 134 and 67?
67
Calculate the greatest common factor of 2889 and 54.
27
Calculate the highest common divisor of 3285 and 90.
45
What is the highest common factor of 12 and 330?
6
What is the greatest common factor of 3020 and 20?
20
Calculate the greatest common factor of 476 and 68.
68
Calculate the highest common divisor of 832 and 39.
13
What is the highest common factor of 875 and 7500?
125
What is the highest common divisor of 296 and 688?
8
What is the highest common divisor of 192 and 12?
12
Calculate the greatest common factor of 4 and 8108.
4
What is the highest common divisor of 115 and 33350?
115
What is the greatest common factor of 469 and 2?
1
What is the highest common factor of 26 and 104?
26
Calculate the highest common divisor of 652 and 1793.
163
Calculate the highest common factor of 60 and 708.
12
What is the greatest common factor of 28 and 21?
7
Calculate the highest common divisor of 3608 and 352.
88
Calculate the greatest common divisor of 26 and 325.
13
What is the highest common divisor of 15175 and 100?
25
What is the highest common factor of 845 and 195?
65
What is the highest common factor of 48 and 3540?
12
Calculate the highest common divisor of 101 and 2727.
101
Calculate the greatest common factor of 230 and 580.
10
Calculate the greatest common factor of 92 and 230.
46
What is the highest common factor of 80 and 1120?
80
What is the highest common divisor of 217 and 14?
7
Calculate the highest common factor of 414 and 230.
46
Calculate the greatest common factor of 162 and 702.
54
What is the highest common factor of 23 and 1?
1
Calculate the greatest common divisor of 218 and 218.
218
What is the greatest common divisor of 24 and 4248?
24
Calculate the highest common divisor of 70 and 2410.
10
Calculate the highest common factor of 42 and 4746.
42
Calculate the greatest common factor of 6 and 808.
2
What is the highest common factor of 328 and 8?
8
What is the greatest common factor of 21 and 273?
21
Calculate the greatest common factor of 24 and 1812.
12
Calculate the greatest common factor of 459 and 33.
3
What is the greatest common factor of 26 and 325?
13
What is the highest common divisor of 9 and 11?
1
What is the greatest common factor of 2500 and 200?
100
What is the greatest common factor of 38 and 608?
38
Calculate the greatest common factor of 194 and 2.
2
Calculate the highest common factor of 468 and 4407.
39
Calculate the highest common divisor of 59 and 177.
59
What is the highest common divisor of 70 and 1715?
35
What is the highest common factor of 80600 and 155?
155
Calculate the greatest common factor of 2120 and 32.
8
Calculate the greatest common divisor of 24867 and 614.
307
Calculate the highest common factor of 12 and 276.
12
Calculate the highest common divisor of 24 and 3932.
4
Calculate the highest common factor of 8 and 60.
4
What is the highest common divisor of 110 and 22?
22
Calculate the greatest common divisor of 187 and 51.
17
Calculate the highest common divisor of 8211 and 23.
23
What is the highest common factor of 10 and 18610?
10
Calculate the greatest common factor of 80 and 32.
16
What is the highest common divisor of 34 and 187?
17
Calculate the greatest common factor of 9577 and 628.
157
What is the highest common divisor of 2 and 1322?
2
What is the greatest common factor of 1215 and 54?
27
Calculate the highest common factor of 46 and 16606.
46
What